ose 9 = -3*a, 5*a + j + 29 = 2*n. What is the units digit of n?
2
Let x(d) = -23*d - 66. What is the units digit of x(-7)?
5
What is the units digit of -146*(-4)/(7 + 1)?
3
Suppose r - 665 = -5*n - 166, 4*n + 3*r = 397. Suppose -3*b + n = 2*b. What is the tens digit of b?
2
Let q be -19*(0 - -1)/(-1). Let x = q - -4. What is the units digit of x?
3
Suppose -4*t - m + 3 = 0, -m + 6 = 4*t + m. Let d = -11 - -16. Suppose t*q + 35 = d*q. What is the units digit of q?
7
Suppose -2*n + 18 = 3*v - v, 3*n - 5*v = 51. Suppose 0 = -4*t + 5*t + x - 6, -n = -4*x. What is the units digit of t?
3
Let x = -78 - -101. What is the units digit of x?
3
Let t = -33 - -66. Let a = t - 13. What is the tens digit of a?
2
Suppose -32 = 2*x - 4*x. Let q = x - 9. What is the units digit of q?
7
Suppose -2*i + 5 + 3 = 0. Suppose i*r + 115 = 9*r. What is the units digit of r?
3
Let f be -10 - 0 - (1 + -1). Let i be (-54)/f + 8/(-20). Suppose -i - 5 = -2*b. What is the units digit of b?
5
Let n(u) = 34*u**2 - 4. Let b(w) = 11*w**2 - 1. Let z(q) = q**3 - 4*q**2 + 3*q - 2. Let p be z(3). Let h(t) = p*n(t) + 7*b(t). What is the tens digit of h(1)?
1
Suppose 5*c - 3*v = -v + 77, 18 = c - 3*v. Suppose -5*d + 50 = -c. What is the tens digit of d?
1
Let r = 10 + -1. What is the units digit of r?
9
Let t be (-4)/1*1 - 0. What is the units digit of 51/6 + 2/t?
8
Let i be 3*-1 + (-3 - -14). Suppose -3*j = -i - 1. What is the units digit of j?
3
Let y(f) = -f + 18. Suppose 0*z = 3*z - 165. Suppose -z = o - 6*o. What is the units digit of y(o)?
7
Let v(g) = -2 - 5 + 2*g + g - 3. What is the units digit of v(7)?
1
Let j(y) = -y**3 + 4*y**2 - y - 3. Let f be j(3). Suppose 36 = 4*m + i, 0*m + f*m = -2*i + 32. Let z = m - 5. What is the units digit of z?
3
Suppose 3*v + 4 - 19 = 0. Suppose 0 = -j + 4*l - 15, -2*j - 5*l = -4*j - 18. Suppose 2*n = x + j, 3*n + v = 5*x + 3. What is the units digit of n?
1
Let p be ((-24)/18)/(2/(-3)). What is the tens digit of 18 - 1 - p/2?
1
Let o(f) = -f**2 - 12*f + 1. Let z be o(-12). Let a = -2 + 2. Let i = z - a. What is the units digit of i?
1
Let f(j) = -j**3 + j**2 + j + 7. Let n be f(0). Let m = -10 + n. Let o = m - -6. What is the units digit of o?
3
Let h = 103 - 63. What is the units digit of h?
0
Let b(q) = 7*q. Let j(r) = 2*r. Let y(g) = 6*b(g) - 22*j(g). What is the tens digit of y(-6)?
1
Suppose 4*y + 26 = -0*y - 2*v, y - 4*v = -29. Let i = -6 - y. What is the units digit of i?
3
Let m(o) = -3*o**3 - 10*o**2 - o - 8. Let b(n) = n**3 + n**2 + n + 1. Let x(s) = -2*b(s) - m(s). What is the tens digit of x(-8)?
1
Let a(z) = -7*z - 1. Let u be a(1). Let b = 16 + u. What is the units digit of b?
8
Let s = -3 - -3. Suppose 11 = j - s*j. What is the units digit of j?
1
Let l = 22 + 337. What is the units digit of l?
9
Let f be (-34)/(-3) + 5/(-15). Let b = f - 15. Let c = b + 6. What is the units digit of c?
2
Let r(q) = q**2 - 6*q. What is the tens digit of r(-5)?
5
Suppose 0 = -3*u - 20 + 317. What is the units digit of u?
9
Suppose -13*z - 158 = -15*z. What is the tens digit of z?
7
Suppose 2*s + 4 = -2*l, 0 = 3*l - 3*s - 0*s + 18. Let y = -1 - l. What is the units digit of y?
3
Let m = -13 - -47. What is the tens digit of m?
3
Suppose 0 = 4*v + 11 - 31. Suppose 25 = -0*l + v*l. What is the units digit of l?
5
Let f be (-4)/(-2 - 0) - 0. Suppose 127*b - 122*b - 255 = 0. Suppose f*z - b = -z. What is the tens digit of z?
1
Suppose -81 = -3*y - 27. What is the units digit of y?
8
Let v = 10 + -22. What is the units digit of 1/((-3)/v) - -1?
5
Suppose -5*w = -5*m + 35, -5*m - 5*w = -3*w - 14. Suppose 0 = -3*p + x - 7, -m*p + 0*x - 4*x - 36 = 0. What is the units digit of (-5 - -7)*(-18)/p?
9
Let l = 68 - 41. What is the units digit of (2/2)/(3/l)?
9
Let c(h) = 5*h**2 + 1. Let o(m) = -m - 8. Let a be o(-6). What is the units digit of c(a)?
1
Let i(k) = -k**3 - 7*k**2 + 7*k - 3. Let h be i(-8). Let o = h + 7. What is the units digit of o?
2
Let i(z) = -z**3 - 15*z**2 - 23*z - 35. What is the tens digit of i(-14)?
9
Let y(p) = p**2 - 9*p + 6. Let j be y(4). Let b = -24 - j. What is the units digit of (-116)/b - 6/(-15)?
2
Let k = -13 + 27. What is the units digit of k?
4
Let t(v) be the second derivative of 5*v**4/12 - v**2/2 + 2*v. What is the units digit of t(1)?
4
Let t(a) = a**2 + 6*a + 1. Let d = 0 + 3. Suppose 3*x + 15 + d = 0. What is the units digit of t(x)?
1
Let w(n) = n**2 + 2*n - 3. Let y be w(-4). Suppose 3*c + 16 + y = 0. Let m = 10 + c. What is the units digit of m?
3
Let r be 58*(-3)/6*-1. Let g = r + -17. What is the tens digit of g?
1
What is the units digit of 438 + 20/(-9) + 8/36?
6
Suppose 0 = 3*x + 5*t - 64, -t = -7*x + 2*x + 88. Suppose -3*i - x = -3*b, 0*b + 2*b = i + 15. What is the units digit of b?
9
Let f(x) = -35*x - 2. What is the units digit of f(-1)?
3
Suppose -4*l = 4 - 128. What is the units digit of (-3)/15 + l/5?
6
Let d be 1/4 + (-14)/(-8). What is the tens digit of 26 - (d + 2 + 0)?
2
Let r = 25 + -2. What is the tens digit of r?
2
Suppose -5*h = -5*p - 87 - 518, 4*h - 484 = -2*p. What is the hundreds digit of h?
1
Let g = -1 + 6. Suppose -61 = -z - 2*z - g*b, 3*z + 4*b = 59. What is the tens digit of z?
1
Suppose -238 = -3*r + h, -r + 0*h = -2*h - 86. What is the tens digit of r?
7
Let p = 16 + -27. Let o = -8 - p. Suppose -5*g + 20 = -i + o*i, -4*i + 18 = -g. What is the units digit of i?
5
Let y = 3 + -1. Suppose 10 = y*t - 6. What is the units digit of t?
8
Suppose -2*i - 6 = -4*i. Let w = 1 + i. Suppose 4*k + w = 8*k. What is the units digit of k?
1
Suppose 6*d = 2*d - 12. What is the units digit of (2/(-3) - d)*6?
4
What is the units digit of (177/(-6))/((-1)/4)?
8
Let k = 550 + -343. What is the tens digit of k?
0
Suppose 0 = n + 24 - 89. What is the units digit of n?
5
Let s(l) = l**2 - 8*l - 1. What is the tens digit of s(11)?
3
Suppose -5*v - 2*t + 409 = 0, 5*v + 0*v - 399 = 3*t. What is the units digit of v?
1
Let g(h) = 6*h**2 + 10*h + 14. Let k(x) = 4*x**2 + 7*x + 9. Let p(i) = -5*g(i) + 8*k(i). What is the tens digit of p(-6)?
3
Let b = -5 + 9. Suppose w + b*w = 40. What is the units digit of w?
8
Suppose -7*n + 8*n - 5 = 0. Suppose 2*q - 88 = 4*z, -5*z + 261 + 4 = n*q. What is the units digit of q?
0
Let t(d) = -5 - 2*d - d**3 - 6 - 14*d**2 - 12*d. Let j be t(-13). Suppose -j*n = n - 15. What is the units digit of n?
5
Suppose -10 = -0*c - 5*c. Let a(b) = -b**c - 3 + 0*b**2 + 2*b**2. What is the units digit of a(-3)?
6
Suppose 5*q - 30 - 5 = 0. Let i = q + -6. What is the units digit of 2 + i + 0/3?
3
Let o = -32 - -41. What is the units digit of o?
9
Let k(n) = 18*n - 25. What is the tens digit of k(5)?
6
Suppose -2*u - u = 5*z - 35, 3*z = u + 7. Let t(g) = -3*g - 1. Let m be t(1). Let w = u + m. What is the units digit of w?
1
What is the units digit of ((-35)/28)/(1/(-20))?
5
Suppose 3*h + 3*g + 131 = 7*h, 5*g - 27 = -h. What is the units digit of h?
2
Suppose 36 = -2*l + 4*w, 5*l - 4*w + 3*w = -99. Let s = l + 35. What is the units digit of s?
5
Suppose 2*u + j = -u + 42, -4*j = 0. Let s be 3 + -1 - 8/1. Let o = s + u. What is the units digit of o?
8
Let a = -6 + 46. What is the units digit of a?
0
Suppose -h + 795 = 2*y, y = -2*y - 4*h + 1190. What is the units digit of y?
8
Suppose -5*a + 3 = -3*l - 3, -2*a - 5*l = 10. Suppose -k - 3*k + 180 = a. What is the tens digit of k?
4
Let w(j) = -45*j - 2. Let x be w(-1). Suppose -6*l - x = -g - 3*l, -179 = -5*g - 3*l. What is the units digit of g?
7
Let u = 3 - -1. What is the tens digit of -2 + -1 - (-14 - u)?
1
Let a = 6 - 6. Suppose -v + a*v = -12. What is the tens digit of v?
1
Suppose -o + 110 = -i, 3*o - 4*i = -0*o + 335. What is the hundreds digit of o?
1
Suppose 5*j = j - 5*l + 989, -2*j + 4*l + 514 = 0. What is the hundreds digit of j?
2
Let b(r) = 8*r + 14. What is the tens digit of b(9)?
8
Let g(u) = -17*u. Let v be 2 - (2 + -3 - -4). What is the tens digit of g(v)?
1
Let b(o) = 3*o**2 - 11*o + 6. What is the tens digit of b(7)?
7
Suppose -3*p = -4*u - 5, -4*u + p - 2*p = 9. Let n = 3 + u. What is the units digit of ((-14)/n)/(-1) + 0?
4
Suppose 7 = 5*f + 2*k - 5*k, -f = -k - 1. Suppose f*w = -w - 9. Let v = 15 + w. What is the units digit of v?
2
Suppose -4*u + 6 = -30. Let b(m) = 2*m - 5. What is the tens digit of b(u)?
1
Let w = 29 